{"id":6,"date":"2017-10-02T21:32:46","date_gmt":"2017-10-02T20:32:46","guid":{"rendered":"https:\/\/preteapartirdotcom.wordpress.com\/?page_id=2"},"modified":"2017-10-02T21:32:46","modified_gmt":"2017-10-02T20:32:46","slug":"a-propos","status":"publish","type":"page","link":"https:\/\/preteapartir.com\/index.php\/contact\/a-propos\/","title":{"rendered":"\u00c0 propos"},"content":{"rendered":"<p><img loading=\"lazy\" src=\"http:\/\/preteapartir.com\/wp-content\/uploads\/2018\/10\/luna-blog-a-propos.jpg\" class=\"alignnone size-full wp-image-861\" alt=\"luna blog a propos\" width=\"3024\" height=\"4032\"><\/p>\n<h3 style=\"text-align:center;\"><strong><em>Luna Darling L\u00e9gitimus, \u00e9tudiante en journalisme, Paris.&nbsp;<\/em><\/strong><\/h3>\n<p>&nbsp;<\/p>\n<p style=\"text-align:center;\"><span style=\"font-weight:400;\">Voyage Sortie Mode Beaut\u00e9 <\/span><span style=\"font-weight:400;\"><br \/>\n<\/span><\/p>\n<p style=\"text-align:left;\"><span style=\"font-weight:400;\">Pr\u00eate \u00e0 Partir, c&rsquo;est le blog des copines. Un endroit de partage. <\/span><span style=\"font-weight:400;\"><br \/>\n<\/span><span style=\"font-weight:400;\">Partez avec moi faire le tour du monde pour d\u00e9couvrir de nouveaux endroits, des bons plans et des paysages \u00e0 couper le souffle. <\/span><span style=\"font-weight:400;\"><br \/>\n<\/span><span style=\"font-weight:400;\">Suivez-moi un peu partout \u00e0 la d\u00e9couverte de restaurants cach\u00e9s, de brunchs \u00e0 la carte bien remplie, d\u2019expositions insolites ainsi que des spots in\u00e9dits ! <\/span><span style=\"font-weight:400;\"><br \/>\n<\/span><span style=\"font-weight:400;\">Pr\u00eate \u00e0 partir, c&rsquo;est aussi un blog mode o\u00f9 vous pouvez picorer des id\u00e9es de style, trouver des conseils mais aussi des inspirations. <\/span><span style=\"font-weight:400;\"><br \/>\n<\/span><span style=\"font-weight:400;\">Le coin beaut\u00e9 est certifi\u00e9 100% naturel et\/ou Bio, vegan au mieux et non test\u00e9 sur les animaux bien s\u00fbr ! Ne vous inqui\u00e9tez pas vous serez \u00e9tonn\u00e9 de la qualit\u00e9 des produits qui vous seront pr\u00e9sent\u00e9s. Le Bio et le 100% naturel ont fait leurs preuves, il ne vous reste plus qu&rsquo;\u00e0 les adopter ! <\/span><\/p>\n<p style=\"text-align:left;\"><span style=\"font-weight:400;\">Pr\u00eate \u00e0 partir, c\u2019est un endroit o\u00f9 j\u2019ai souhait\u00e9 rassembler mes passions, mes envies, et partager avec les gens qui m\u2019entourent mes petites trouvailles, pr\u00e8s de chez vous, de chez moi mais aussi partout dans le monde. <\/span><\/p>\n<p style=\"text-align:left;\"><span style=\"font-weight:400;\">Toute critique constructive est la bienvenue, on est sur le chemin de la vie et on en apprend chaque jour. J\u2019esp\u00e8re que cette aventure sera enrichissante autant pour vous que pour moi, chers lecteurs et lectrices ! Vos avis m\u2019int\u00e9ressent, n\u2019h\u00e9sitez pas \u00e0 me contacter ! <\/span><\/p>\n<p style=\"text-align:left;\"><span style=\"font-weight:400;\"><\/span><\/p>\n<p style=\"text-align:left;\"><span style=\"font-weight:400;\"><em>Secr\u00e9taire de R\u00e9daction : Justine Philippon <\/em><\/span><\/p>\n","protected":false},"excerpt":{"rendered":"<p>Luna Darling L\u00e9gitimus, 21 ans, \u00e9tudiante en journalisme multim\u00e9dia. <\/p>\n<a href=\"https:\/\/preteapartir.com\/index.php\/contact\/a-propos\/\" class=\"more-link\">Read More<\/a>","protected":false},"author":2,"featured_media":845,"parent":7,"menu_order":1,"comment_status":"closed","ping_status":"closed","template":"","meta":{"spay_email":""},"_links":{"self":[{"href":"https:\/\/preteapartir.com\/index.php\/wp-json\/wp\/v2\/pages\/6"}],"collection":[{"href":"https:\/\/preteapartir.com\/index.php\/wp-json\/wp\/v2\/pages"}],"about":[{"href":"https:\/\/preteapartir.com\/index.php\/wp-json\/wp\/v2\/types\/page"}],"author":[{"embeddable":true,"href":"https:\/\/preteapartir.com\/index.php\/wp-json\/wp\/v2\/users\/2"}],"replies":[{"embeddable":true,"href":"https:\/\/preteapartir.com\/index.php\/wp-json\/wp\/v2\/comments?post=6"}],"version-history":[{"count":0,"href":"https:\/\/preteapartir.com\/index.php\/wp-json\/wp\/v2\/pages\/6\/revisions"}],"up":[{"embeddable":true,"href":"https:\/\/preteapartir.com\/index.php\/wp-json\/wp\/v2\/pages\/7"}],"wp:featuredmedia":[{"embeddable":true,"href":"https:\/\/preteapartir.com\/index.php\/wp-json\/wp\/v2\/media\/845"}],"wp:attachment":[{"href":"https:\/\/preteapartir.com\/index.php\/wp-json\/wp\/v2\/media?parent=6"}],"curies":[{"name":"wp","href":"https:\/\/api.w.org\/{rel}","templated":true}]}}